{"id":29083,"date":"2023-10-19T14:50:17","date_gmt":"2023-10-19T12:50:17","guid":{"rendered":"https:\/\/new.afi-ipl.org\/afi_ipl_consiglia\/work-life-balance-italien-belegt-den-viertletzten-platz-in-europa\/"},"modified":"2024-09-25T15:54:08","modified_gmt":"2024-09-25T13:54:08","slug":"work-life-balance-italien-belegt-den-viertletzten-platz-in-europa","status":"publish","type":"afi_ipl_consiglia","link":"https:\/\/www.afi-ipl.org\/de\/afi_ipl_consiglia\/work-life-balance-italien-belegt-den-viertletzten-platz-in-europa\/","title":{"rendered":"Work-Life-Balance: Italien belegt den viertletzten Platz in Europa"},"content":{"rendered":"<p>Vereinbarkeit von Berufs- und Privatleben? Italien ist eines der Schlusslichter in Europa.<\/p>\n<p>Das geht aus dem europ\u00e4ischen Index 2023 von Remote hervor, einer Untersuchung, die Aspekte wie Mindestlohn, Urlaub, Arbeitszeiten und Sozialleistungen ber\u00fccksichtigt.<\/p>\n<p>Tats\u00e4chlich liegt unser Land auf Platz 27 von 30. Angef\u00fchrt wird die Rangliste von Luxemburg, es folgen Spanien und Frankreich. Die Studie finden ist <strong><a href=\"https:\/\/remote.com\/resources\/research\/european-life-work-balance-index\">HIER<\/a> <\/strong>aufrufbar.<\/p>\n","protected":false},"featured_media":21568,"template":"","class_list":["post-29083","afi_ipl_consiglia","type-afi_ipl_consiglia","status-publish","has-post-thumbnail","hentry"],"acf":[],"aioseo_notices":[],"yoast_head":"<!-- This site is optimized with the Yoast SEO plugin v27.4 - https:\/\/yoast.com\/product\/yoast-seo-wordpress\/ -->\n<title>Work-Life-Balance: Italien belegt den viertletzten Platz in Europa - AFI-IPL<\/title>\n<meta name=\"robots\" content=\"index, follow, max-snippet:-1, max-image-preview:large, max-video-preview:-1\" \/>\n<link rel=\"canonical\" href=\"https:\/\/www.afi-ipl.org\/de\/afi_ipl_consiglia\/work-life-balance-italien-belegt-den-viertletzten-platz-in-europa\/\" \/>\n<meta property=\"og:locale\" content=\"de_DE\" \/>\n<meta property=\"og:type\" content=\"article\" \/>\n<meta property=\"og:title\" content=\"Work-Life-Balance: Italien belegt den viertletzten Platz in Europa - AFI-IPL\" \/>\n<meta property=\"og:description\" content=\"Vereinbarkeit von Berufs- und Privatleben? Italien ist eines der Schlusslichter in Europa. Das geht aus dem europ\u00e4ischen Index 2023 von Remote hervor, einer Untersuchung, die Aspekte wie Mindestlohn, Urlaub, Arbeitszeiten und Sozialleistungen ber\u00fccksichtigt. Tats\u00e4chlich liegt unser Land auf Platz 27 von 30. Angef\u00fchrt wird die Rangliste von Luxemburg, es folgen Spanien und Frankreich. Die Studie [&hellip;]\" \/>\n<meta property=\"og:url\" content=\"https:\/\/www.afi-ipl.org\/de\/afi_ipl_consiglia\/work-life-balance-italien-belegt-den-viertletzten-platz-in-europa\/\" \/>\n<meta property=\"og:site_name\" content=\"AFI-IPL\" \/>\n<meta property=\"article:publisher\" content=\"https:\/\/www.facebook.com\/afi.ipl\" \/>\n<meta property=\"article:modified_time\" content=\"2024-09-25T13:54:08+00:00\" \/>\n<meta property=\"og:image\" content=\"https:\/\/www.afi-ipl.org\/wp-content\/uploads\/work-life-balance-5333818_1280.jpg\" \/>\n\t<meta property=\"og:image:width\" content=\"1280\" \/>\n\t<meta property=\"og:image:height\" content=\"914\" \/>\n\t<meta property=\"og:image:type\" content=\"image\/jpeg\" \/>\n<meta name=\"twitter:card\" content=\"summary_large_image\" \/>\n<meta name=\"twitter:site\" content=\"@afi_ipl\" \/>\n<meta name=\"twitter:label1\" content=\"Gesch\u00e4tzte Lesezeit\" \/>\n\t<meta name=\"twitter:data1\" content=\"1\u00a0Minute\" \/>\n<script type=\"application\/ld+json\" class=\"yoast-schema-graph\">{\"@context\":\"https:\\\/\\\/schema.org\",\"@graph\":[{\"@type\":\"WebPage\",\"@id\":\"https:\\\/\\\/www.afi-ipl.org\\\/de\\\/afi_ipl_consiglia\\\/work-life-balance-italien-belegt-den-viertletzten-platz-in-europa\\\/\",\"url\":\"https:\\\/\\\/www.afi-ipl.org\\\/de\\\/afi_ipl_consiglia\\\/work-life-balance-italien-belegt-den-viertletzten-platz-in-europa\\\/\",\"name\":\"Work-Life-Balance: Italien belegt den viertletzten Platz in Europa - AFI-IPL\",\"isPartOf\":{\"@id\":\"https:\\\/\\\/www.afi-ipl.org\\\/de\\\/#website\"},\"primaryImageOfPage\":{\"@id\":\"https:\\\/\\\/www.afi-ipl.org\\\/de\\\/afi_ipl_consiglia\\\/work-life-balance-italien-belegt-den-viertletzten-platz-in-europa\\\/#primaryimage\"},\"image\":{\"@id\":\"https:\\\/\\\/www.afi-ipl.org\\\/de\\\/afi_ipl_consiglia\\\/work-life-balance-italien-belegt-den-viertletzten-platz-in-europa\\\/#primaryimage\"},\"thumbnailUrl\":\"https:\\\/\\\/www.afi-ipl.org\\\/wp-content\\\/uploads\\\/work-life-balance-5333818_1280.jpg\",\"datePublished\":\"2023-10-19T12:50:17+00:00\",\"dateModified\":\"2024-09-25T13:54:08+00:00\",\"breadcrumb\":{\"@id\":\"https:\\\/\\\/www.afi-ipl.org\\\/de\\\/afi_ipl_consiglia\\\/work-life-balance-italien-belegt-den-viertletzten-platz-in-europa\\\/#breadcrumb\"},\"inLanguage\":\"de\",\"potentialAction\":[{\"@type\":\"ReadAction\",\"target\":[\"https:\\\/\\\/www.afi-ipl.org\\\/de\\\/afi_ipl_consiglia\\\/work-life-balance-italien-belegt-den-viertletzten-platz-in-europa\\\/\"]}]},{\"@type\":\"ImageObject\",\"inLanguage\":\"de\",\"@id\":\"https:\\\/\\\/www.afi-ipl.org\\\/de\\\/afi_ipl_consiglia\\\/work-life-balance-italien-belegt-den-viertletzten-platz-in-europa\\\/#primaryimage\",\"url\":\"https:\\\/\\\/www.afi-ipl.org\\\/wp-content\\\/uploads\\\/work-life-balance-5333818_1280.jpg\",\"contentUrl\":\"https:\\\/\\\/www.afi-ipl.org\\\/wp-content\\\/uploads\\\/work-life-balance-5333818_1280.jpg\",\"width\":1280,\"height\":914},{\"@type\":\"BreadcrumbList\",\"@id\":\"https:\\\/\\\/www.afi-ipl.org\\\/de\\\/afi_ipl_consiglia\\\/work-life-balance-italien-belegt-den-viertletzten-platz-in-europa\\\/#breadcrumb\",\"itemListElement\":[{\"@type\":\"ListItem\",\"position\":1,\"name\":\"Home\",\"item\":\"https:\\\/\\\/www.afi-ipl.org\\\/de\\\/\"},{\"@type\":\"ListItem\",\"position\":2,\"name\":\"Work-Life-Balance: Italien belegt den viertletzten Platz in Europa\"}]},{\"@type\":\"WebSite\",\"@id\":\"https:\\\/\\\/www.afi-ipl.org\\\/de\\\/#website\",\"url\":\"https:\\\/\\\/www.afi-ipl.org\\\/de\\\/\",\"name\":\"AFI-IPL\",\"description\":\"\",\"publisher\":{\"@id\":\"https:\\\/\\\/www.afi-ipl.org\\\/de\\\/#organization\"},\"potentialAction\":[{\"@type\":\"SearchAction\",\"target\":{\"@type\":\"EntryPoint\",\"urlTemplate\":\"https:\\\/\\\/www.afi-ipl.org\\\/de\\\/?s={search_term_string}\"},\"query-input\":{\"@type\":\"PropertyValueSpecification\",\"valueRequired\":true,\"valueName\":\"search_term_string\"}}],\"inLanguage\":\"de\"},{\"@type\":\"Organization\",\"@id\":\"https:\\\/\\\/www.afi-ipl.org\\\/de\\\/#organization\",\"name\":\"AFI-IPL\",\"url\":\"https:\\\/\\\/www.afi-ipl.org\\\/de\\\/\",\"logo\":{\"@type\":\"ImageObject\",\"inLanguage\":\"de\",\"@id\":\"https:\\\/\\\/www.afi-ipl.org\\\/de\\\/#\\\/schema\\\/logo\\\/image\\\/\",\"url\":\"https:\\\/\\\/www.afi-ipl.org\\\/wp-content\\\/uploads\\\/Logo-mit-Zusatz.svg\",\"contentUrl\":\"https:\\\/\\\/www.afi-ipl.org\\\/wp-content\\\/uploads\\\/Logo-mit-Zusatz.svg\",\"width\":241,\"height\":58,\"caption\":\"AFI-IPL\"},\"image\":{\"@id\":\"https:\\\/\\\/www.afi-ipl.org\\\/de\\\/#\\\/schema\\\/logo\\\/image\\\/\"},\"sameAs\":[\"https:\\\/\\\/www.facebook.com\\\/afi.ipl\",\"https:\\\/\\\/x.com\\\/afi_ipl\",\"https:\\\/\\\/www.youtube.com\\\/@afiipl\",\"https:\\\/\\\/www.instagram.com\\\/afiipl\",\"https:\\\/\\\/www.instagram.com\\\/perinistefan\"]}]}<\/script>\n<!-- \/ Yoast SEO plugin. -->","yoast_head_json":{"title":"Work-Life-Balance: Italien belegt den viertletzten Platz in Europa - AFI-IPL","robots":{"index":"index","follow":"follow","max-snippet":"max-snippet:-1","max-image-preview":"max-image-preview:large","max-video-preview":"max-video-preview:-1"},"canonical":"https:\/\/www.afi-ipl.org\/de\/afi_ipl_consiglia\/work-life-balance-italien-belegt-den-viertletzten-platz-in-europa\/","og_locale":"de_DE","og_type":"article","og_title":"Work-Life-Balance: Italien belegt den viertletzten Platz in Europa - AFI-IPL","og_description":"Vereinbarkeit von Berufs- und Privatleben? Italien ist eines der Schlusslichter in Europa. Das geht aus dem europ\u00e4ischen Index 2023 von Remote hervor, einer Untersuchung, die Aspekte wie Mindestlohn, Urlaub, Arbeitszeiten und Sozialleistungen ber\u00fccksichtigt. Tats\u00e4chlich liegt unser Land auf Platz 27 von 30. Angef\u00fchrt wird die Rangliste von Luxemburg, es folgen Spanien und Frankreich. Die Studie [&hellip;]","og_url":"https:\/\/www.afi-ipl.org\/de\/afi_ipl_consiglia\/work-life-balance-italien-belegt-den-viertletzten-platz-in-europa\/","og_site_name":"AFI-IPL","article_publisher":"https:\/\/www.facebook.com\/afi.ipl","article_modified_time":"2024-09-25T13:54:08+00:00","og_image":[{"width":1280,"height":914,"url":"https:\/\/www.afi-ipl.org\/wp-content\/uploads\/work-life-balance-5333818_1280.jpg","type":"image\/jpeg"}],"twitter_card":"summary_large_image","twitter_site":"@afi_ipl","twitter_misc":{"Gesch\u00e4tzte Lesezeit":"1\u00a0Minute"},"schema":{"@context":"https:\/\/schema.org","@graph":[{"@type":"WebPage","@id":"https:\/\/www.afi-ipl.org\/de\/afi_ipl_consiglia\/work-life-balance-italien-belegt-den-viertletzten-platz-in-europa\/","url":"https:\/\/www.afi-ipl.org\/de\/afi_ipl_consiglia\/work-life-balance-italien-belegt-den-viertletzten-platz-in-europa\/","name":"Work-Life-Balance: Italien belegt den viertletzten Platz in Europa - AFI-IPL","isPartOf":{"@id":"https:\/\/www.afi-ipl.org\/de\/#website"},"primaryImageOfPage":{"@id":"https:\/\/www.afi-ipl.org\/de\/afi_ipl_consiglia\/work-life-balance-italien-belegt-den-viertletzten-platz-in-europa\/#primaryimage"},"image":{"@id":"https:\/\/www.afi-ipl.org\/de\/afi_ipl_consiglia\/work-life-balance-italien-belegt-den-viertletzten-platz-in-europa\/#primaryimage"},"thumbnailUrl":"https:\/\/www.afi-ipl.org\/wp-content\/uploads\/work-life-balance-5333818_1280.jpg","datePublished":"2023-10-19T12:50:17+00:00","dateModified":"2024-09-25T13:54:08+00:00","breadcrumb":{"@id":"https:\/\/www.afi-ipl.org\/de\/afi_ipl_consiglia\/work-life-balance-italien-belegt-den-viertletzten-platz-in-europa\/#breadcrumb"},"inLanguage":"de","potentialAction":[{"@type":"ReadAction","target":["https:\/\/www.afi-ipl.org\/de\/afi_ipl_consiglia\/work-life-balance-italien-belegt-den-viertletzten-platz-in-europa\/"]}]},{"@type":"ImageObject","inLanguage":"de","@id":"https:\/\/www.afi-ipl.org\/de\/afi_ipl_consiglia\/work-life-balance-italien-belegt-den-viertletzten-platz-in-europa\/#primaryimage","url":"https:\/\/www.afi-ipl.org\/wp-content\/uploads\/work-life-balance-5333818_1280.jpg","contentUrl":"https:\/\/www.afi-ipl.org\/wp-content\/uploads\/work-life-balance-5333818_1280.jpg","width":1280,"height":914},{"@type":"BreadcrumbList","@id":"https:\/\/www.afi-ipl.org\/de\/afi_ipl_consiglia\/work-life-balance-italien-belegt-den-viertletzten-platz-in-europa\/#breadcrumb","itemListElement":[{"@type":"ListItem","position":1,"name":"Home","item":"https:\/\/www.afi-ipl.org\/de\/"},{"@type":"ListItem","position":2,"name":"Work-Life-Balance: Italien belegt den viertletzten Platz in Europa"}]},{"@type":"WebSite","@id":"https:\/\/www.afi-ipl.org\/de\/#website","url":"https:\/\/www.afi-ipl.org\/de\/","name":"AFI-IPL","description":"","publisher":{"@id":"https:\/\/www.afi-ipl.org\/de\/#organization"},"potentialAction":[{"@type":"SearchAction","target":{"@type":"EntryPoint","urlTemplate":"https:\/\/www.afi-ipl.org\/de\/?s={search_term_string}"},"query-input":{"@type":"PropertyValueSpecification","valueRequired":true,"valueName":"search_term_string"}}],"inLanguage":"de"},{"@type":"Organization","@id":"https:\/\/www.afi-ipl.org\/de\/#organization","name":"AFI-IPL","url":"https:\/\/www.afi-ipl.org\/de\/","logo":{"@type":"ImageObject","inLanguage":"de","@id":"https:\/\/www.afi-ipl.org\/de\/#\/schema\/logo\/image\/","url":"https:\/\/www.afi-ipl.org\/wp-content\/uploads\/Logo-mit-Zusatz.svg","contentUrl":"https:\/\/www.afi-ipl.org\/wp-content\/uploads\/Logo-mit-Zusatz.svg","width":241,"height":58,"caption":"AFI-IPL"},"image":{"@id":"https:\/\/www.afi-ipl.org\/de\/#\/schema\/logo\/image\/"},"sameAs":["https:\/\/www.facebook.com\/afi.ipl","https:\/\/x.com\/afi_ipl","https:\/\/www.youtube.com\/@afiipl","https:\/\/www.instagram.com\/afiipl","https:\/\/www.instagram.com\/perinistefan"]}]}},"_links":{"self":[{"href":"https:\/\/www.afi-ipl.org\/de\/wp-json\/wp\/v2\/afi_ipl_consiglia\/29083","targetHints":{"allow":["GET"]}}],"collection":[{"href":"https:\/\/www.afi-ipl.org\/de\/wp-json\/wp\/v2\/afi_ipl_consiglia"}],"about":[{"href":"https:\/\/www.afi-ipl.org\/de\/wp-json\/wp\/v2\/types\/afi_ipl_consiglia"}],"version-history":[{"count":1,"href":"https:\/\/www.afi-ipl.org\/de\/wp-json\/wp\/v2\/afi_ipl_consiglia\/29083\/revisions"}],"predecessor-version":[{"id":53069,"href":"https:\/\/www.afi-ipl.org\/de\/wp-json\/wp\/v2\/afi_ipl_consiglia\/29083\/revisions\/53069"}],"wp:featuredmedia":[{"embeddable":true,"href":"https:\/\/www.afi-ipl.org\/de\/wp-json\/wp\/v2\/media\/21568"}],"wp:attachment":[{"href":"https:\/\/www.afi-ipl.org\/de\/wp-json\/wp\/v2\/media?parent=29083"}],"curies":[{"name":"wp","href":"https:\/\/api.w.org\/{rel}","templated":true}]}}

<p>Vereinbarkeit von Berufs- und Privatleben? Italien ist eines der Schlusslichter in Europa.</p>
<p>Das geht aus dem europäischen Index 2023 von Remote hervor, einer Untersuchung, die Aspekte wie Mindestlohn, Urlaub, Arbeitszeiten und Sozialleistungen berücksichtigt.</p>
<p>Tatsächlich liegt unser Land auf Platz 27 von 30. Angeführt wird die Rangliste von Luxemburg, es folgen Spanien und Frankreich. Die Studie finden ist <strong><a href="https://remote.com/resources/research/european-life-work-balance-index">HIER</a> </strong>aufrufbar.</p>

<!-- This site is optimized with the Yoast SEO plugin v27.4 - https://yoast.com/product/yoast-seo-wordpress/ -->
<title>Work-Life-Balance: Italien belegt den viertletzten Platz in Europa - AFI-IPL</title>
<meta name="robots" content="index, follow, max-snippet:-1, max-image-preview:large, max-video-preview:-1" />
<link rel="canonical" href="https://www.afi-ipl.org/de/afi_ipl_consiglia/work-life-balance-italien-belegt-den-viertletzten-platz-in-europa/" />
<meta property="og:locale" content="de_DE" />
<meta property="og:type" content="article" />
<meta property="og:title" content="Work-Life-Balance: Italien belegt den viertletzten Platz in Europa - AFI-IPL" />
<meta property="og:description" content="Vereinbarkeit von Berufs- und Privatleben? Italien ist eines der Schlusslichter in Europa. Das geht aus dem europäischen Index 2023 von Remote hervor, einer Untersuchung, die Aspekte wie Mindestlohn, Urlaub, Arbeitszeiten und Sozialleistungen berücksichtigt. Tatsächlich liegt unser Land auf Platz 27 von 30. Angeführt wird die Rangliste von Luxemburg, es folgen Spanien und Frankreich. Die Studie [&hellip;]" />
<meta property="og:url" content="https://www.afi-ipl.org/de/afi_ipl_consiglia/work-life-balance-italien-belegt-den-viertletzten-platz-in-europa/" />
<meta property="og:site_name" content="AFI-IPL" />
<meta property="article:publisher" content="https://www.facebook.com/afi.ipl" />
<meta property="article:modified_time" content="2024-09-25T13:54:08+00:00" />
<meta property="og:image" content="https://www.afi-ipl.org/wp-content/uploads/work-life-balance-5333818_1280.jpg" />
	<meta property="og:image:width" content="1280" />
	<meta property="og:image:height" content="914" />
	<meta property="og:image:type" content="image/jpeg" />
<meta name="twitter:card" content="summary_large_image" />
<meta name="twitter:site" content="@afi_ipl" />
<meta name="twitter:label1" content="Geschätzte Lesezeit" />
	<meta name="twitter:data1" content="1 Minute" />
<script type="application/ld+json" class="yoast-schema-graph">{"@context":"https:\/\/schema.org","@graph":[{"@type":"WebPage","@id":"https:\/\/www.afi-ipl.org\/de\/afi_ipl_consiglia\/work-life-balance-italien-belegt-den-viertletzten-platz-in-europa\/","url":"https:\/\/www.afi-ipl.org\/de\/afi_ipl_consiglia\/work-life-balance-italien-belegt-den-viertletzten-platz-in-europa\/","name":"Work-Life-Balance: Italien belegt den viertletzten Platz in Europa - AFI-IPL","isPartOf":{"@id":"https:\/\/www.afi-ipl.org\/de\/#website"},"primaryImageOfPage":{"@id":"https:\/\/www.afi-ipl.org\/de\/afi_ipl_consiglia\/work-life-balance-italien-belegt-den-viertletzten-platz-in-europa\/#primaryimage"},"image":{"@id":"https:\/\/www.afi-ipl.org\/de\/afi_ipl_consiglia\/work-life-balance-italien-belegt-den-viertletzten-platz-in-europa\/#primaryimage"},"thumbnailUrl":"https:\/\/www.afi-ipl.org\/wp-content\/uploads\/work-life-balance-5333818_1280.jpg","datePublished":"2023-10-19T12:50:17+00:00","dateModified":"2024-09-25T13:54:08+00:00","breadcrumb":{"@id":"https:\/\/www.afi-ipl.org\/de\/afi_ipl_consiglia\/work-life-balance-italien-belegt-den-viertletzten-platz-in-europa\/#breadcrumb"},"inLanguage":"de","potentialAction":[{"@type":"ReadAction","target":["https:\/\/www.afi-ipl.org\/de\/afi_ipl_consiglia\/work-life-balance-italien-belegt-den-viertletzten-platz-in-europa\/"]}]},{"@type":"ImageObject","inLanguage":"de","@id":"https:\/\/www.afi-ipl.org\/de\/afi_ipl_consiglia\/work-life-balance-italien-belegt-den-viertletzten-platz-in-europa\/#primaryimage","url":"https:\/\/www.afi-ipl.org\/wp-content\/uploads\/work-life-balance-5333818_1280.jpg","contentUrl":"https:\/\/www.afi-ipl.org\/wp-content\/uploads\/work-life-balance-5333818_1280.jpg","width":1280,"height":914},{"@type":"BreadcrumbList","@id":"https:\/\/www.afi-ipl.org\/de\/afi_ipl_consiglia\/work-life-balance-italien-belegt-den-viertletzten-platz-in-europa\/#breadcrumb","itemListElement":[{"@type":"ListItem","position":1,"name":"Home","item":"https:\/\/www.afi-ipl.org\/de\/"},{"@type":"ListItem","position":2,"name":"Work-Life-Balance: Italien belegt den viertletzten Platz in Europa"}]},{"@type":"WebSite","@id":"https:\/\/www.afi-ipl.org\/de\/#website","url":"https:\/\/www.afi-ipl.org\/de\/","name":"AFI-IPL","description":"","publisher":{"@id":"https:\/\/www.afi-ipl.org\/de\/#organization"},"potentialAction":[{"@type":"SearchAction","target":{"@type":"EntryPoint","urlTemplate":"https:\/\/www.afi-ipl.org\/de\/?s={search_term_string}"},"query-input":{"@type":"PropertyValueSpecification","valueRequired":true,"valueName":"search_term_string"}}],"inLanguage":"de"},{"@type":"Organization","@id":"https:\/\/www.afi-ipl.org\/de\/#organization","name":"AFI-IPL","url":"https:\/\/www.afi-ipl.org\/de\/","logo":{"@type":"ImageObject","inLanguage":"de","@id":"https:\/\/www.afi-ipl.org\/de\/#\/schema\/logo\/image\/","url":"https:\/\/www.afi-ipl.org\/wp-content\/uploads\/Logo-mit-Zusatz.svg","contentUrl":"https:\/\/www.afi-ipl.org\/wp-content\/uploads\/Logo-mit-Zusatz.svg","width":241,"height":58,"caption":"AFI-IPL"},"image":{"@id":"https:\/\/www.afi-ipl.org\/de\/#\/schema\/logo\/image\/"},"sameAs":["https:\/\/www.facebook.com\/afi.ipl","https:\/\/x.com\/afi_ipl","https:\/\/www.youtube.com\/@afiipl","https:\/\/www.instagram.com\/afiipl","https:\/\/www.instagram.com\/perinistefan"]}]}</script>
<!-- / Yoast SEO plugin. -->

Vereinbarkeit von Berufs- und Privatleben? Italien ist eines der Schlusslichter in Europa. Das geht aus dem europäischen Index 2023 von Remote hervor, einer Untersuchung, die Aspekte wie Mindestlohn, Urlaub, Arbeitszeiten und Sozialleistungen berücksichtigt. Tatsächlich liegt unser Land auf Platz 27 von 30. Angeführt wird die Rangliste von Luxemburg, es folgen Spanien und Frankreich. Die Studie [&hellip;]
