{"id":33689,"date":"2015-10-30T09:36:51","date_gmt":"2015-10-30T08:36:51","guid":{"rendered":"https:\/\/new.afi-ipl.org\/afi_ipl_eventi\/equal-pension-day-2015\/"},"modified":"2024-09-25T09:53:42","modified_gmt":"2024-09-25T07:53:42","slug":"vortrag-equal-pension-day-2015","status":"publish","type":"afi_ipl_eventi","link":"https:\/\/www.afi-ipl.org\/de\/afi_ipl_eventi\/vortrag-equal-pension-day-2015\/","title":{"rendered":"[Vortrag] Equal Pension Day 2015"},"content":{"rendered":"<p>Anl\u00e4sslich des &#8222;Equal Pension Day&#8220; hat AFI-Vizedirektorin Silvia Vogliotti einen vielbeachteten Vortrag zu den Frauenrenten in S\u00fcdtirol gehalten (in italienischer Sprache). <a href=\"https:\/\/afi-ipl.org\/wp-content\/uploads\/Vogliotti_Equal-pension-day-2015.pdf\" target=\"_blank\" rel=\"noopener\">Hier geht es zur Pr\u00e4sentation<\/a> (auf Italienisch).<\/p>\n<p><a href=\"https:\/\/afi-ipl.org\/wp-content\/uploads\/Vogliotti-Equal-Pension-Day-TN-2015.jpg\"><img loading=\"lazy\" decoding=\"async\" class=\"alignnone size-medium wp-image-4310\" src=\"https:\/\/afi-ipl.org\/wp-content\/uploads\/Vogliotti-Equal-Pension-Day-TN-2015-300x179.jpg\" alt=\"Vogliotti Equal Pension Day TN 2015\" width=\"300\" height=\"179\" \/><\/a><\/p>\n<p>Frauen f\u00fcr gerechte Pensionen (Vogliotti 5. v. r.)<\/p>\n","protected":false},"featured_media":8299,"template":"","class_list":["post-33689","afi_ipl_eventi","type-afi_ipl_eventi","status-publish","has-post-thumbnail","hentry","unterteilungen-vortraege"],"acf":[],"aioseo_notices":[],"yoast_head":"<!-- This site is optimized with the Yoast SEO plugin v27.4 - https:\/\/yoast.com\/product\/yoast-seo-wordpress\/ -->\n<title>[Vortrag] Equal Pension Day 2015 - AFI-IPL<\/title>\n<meta name=\"robots\" content=\"index, follow, max-snippet:-1, max-image-preview:large, max-video-preview:-1\" \/>\n<link rel=\"canonical\" href=\"https:\/\/www.afi-ipl.org\/de\/afi_ipl_eventi\/vortrag-equal-pension-day-2015\/\" \/>\n<meta property=\"og:locale\" content=\"de_DE\" \/>\n<meta property=\"og:type\" content=\"article\" \/>\n<meta property=\"og:title\" content=\"[Vortrag] Equal Pension Day 2015 - AFI-IPL\" \/>\n<meta property=\"og:description\" content=\"Anl\u00e4sslich des &#8222;Equal Pension Day&#8220; hat AFI-Vizedirektorin Silvia Vogliotti einen vielbeachteten Vortrag zu den Frauenrenten in S\u00fcdtirol gehalten (in italienischer Sprache). Hier geht es zur Pr\u00e4sentation (auf Italienisch). Frauen f\u00fcr gerechte Pensionen (Vogliotti 5. v. r.)\" \/>\n<meta property=\"og:url\" content=\"https:\/\/www.afi-ipl.org\/de\/afi_ipl_eventi\/vortrag-equal-pension-day-2015\/\" \/>\n<meta property=\"og:site_name\" content=\"AFI-IPL\" \/>\n<meta property=\"article:publisher\" content=\"https:\/\/www.facebook.com\/afi.ipl\" \/>\n<meta property=\"article:modified_time\" content=\"2024-09-25T07:53:42+00:00\" \/>\n<meta property=\"og:image\" content=\"https:\/\/www.afi-ipl.org\/wp-content\/uploads\/Vogliotti-Equal-Pension-Day-TN-2015.jpg\" \/>\n\t<meta property=\"og:image:width\" content=\"448\" \/>\n\t<meta property=\"og:image:height\" content=\"268\" \/>\n\t<meta property=\"og:image:type\" content=\"image\/jpeg\" \/>\n<meta name=\"twitter:card\" content=\"summary_large_image\" \/>\n<meta name=\"twitter:site\" content=\"@afi_ipl\" \/>\n<meta name=\"twitter:label1\" content=\"Gesch\u00e4tzte Lesezeit\" \/>\n\t<meta name=\"twitter:data1\" content=\"1\u00a0Minute\" \/>\n<script type=\"application\/ld+json\" class=\"yoast-schema-graph\">{\"@context\":\"https:\\\/\\\/schema.org\",\"@graph\":[{\"@type\":\"WebPage\",\"@id\":\"https:\\\/\\\/www.afi-ipl.org\\\/de\\\/afi_ipl_eventi\\\/vortrag-equal-pension-day-2015\\\/\",\"url\":\"https:\\\/\\\/www.afi-ipl.org\\\/de\\\/afi_ipl_eventi\\\/vortrag-equal-pension-day-2015\\\/\",\"name\":\"[Vortrag] Equal Pension Day 2015 - AFI-IPL\",\"isPartOf\":{\"@id\":\"https:\\\/\\\/www.afi-ipl.org\\\/de\\\/#website\"},\"primaryImageOfPage\":{\"@id\":\"https:\\\/\\\/www.afi-ipl.org\\\/de\\\/afi_ipl_eventi\\\/vortrag-equal-pension-day-2015\\\/#primaryimage\"},\"image\":{\"@id\":\"https:\\\/\\\/www.afi-ipl.org\\\/de\\\/afi_ipl_eventi\\\/vortrag-equal-pension-day-2015\\\/#primaryimage\"},\"thumbnailUrl\":\"https:\\\/\\\/www.afi-ipl.org\\\/wp-content\\\/uploads\\\/Vogliotti-Equal-Pension-Day-TN-2015.jpg\",\"datePublished\":\"2015-10-30T08:36:51+00:00\",\"dateModified\":\"2024-09-25T07:53:42+00:00\",\"breadcrumb\":{\"@id\":\"https:\\\/\\\/www.afi-ipl.org\\\/de\\\/afi_ipl_eventi\\\/vortrag-equal-pension-day-2015\\\/#breadcrumb\"},\"inLanguage\":\"de\",\"potentialAction\":[{\"@type\":\"ReadAction\",\"target\":[\"https:\\\/\\\/www.afi-ipl.org\\\/de\\\/afi_ipl_eventi\\\/vortrag-equal-pension-day-2015\\\/\"]}]},{\"@type\":\"ImageObject\",\"inLanguage\":\"de\",\"@id\":\"https:\\\/\\\/www.afi-ipl.org\\\/de\\\/afi_ipl_eventi\\\/vortrag-equal-pension-day-2015\\\/#primaryimage\",\"url\":\"https:\\\/\\\/www.afi-ipl.org\\\/wp-content\\\/uploads\\\/Vogliotti-Equal-Pension-Day-TN-2015.jpg\",\"contentUrl\":\"https:\\\/\\\/www.afi-ipl.org\\\/wp-content\\\/uploads\\\/Vogliotti-Equal-Pension-Day-TN-2015.jpg\",\"width\":448,\"height\":268,\"caption\":\"|\"},{\"@type\":\"BreadcrumbList\",\"@id\":\"https:\\\/\\\/www.afi-ipl.org\\\/de\\\/afi_ipl_eventi\\\/vortrag-equal-pension-day-2015\\\/#breadcrumb\",\"itemListElement\":[{\"@type\":\"ListItem\",\"position\":1,\"name\":\"Home\",\"item\":\"https:\\\/\\\/www.afi-ipl.org\\\/de\\\/\"},{\"@type\":\"ListItem\",\"position\":2,\"name\":\"[Vortrag] Equal Pension Day 2015\"}]},{\"@type\":\"WebSite\",\"@id\":\"https:\\\/\\\/www.afi-ipl.org\\\/de\\\/#website\",\"url\":\"https:\\\/\\\/www.afi-ipl.org\\\/de\\\/\",\"name\":\"AFI-IPL\",\"description\":\"\",\"publisher\":{\"@id\":\"https:\\\/\\\/www.afi-ipl.org\\\/de\\\/#organization\"},\"potentialAction\":[{\"@type\":\"SearchAction\",\"target\":{\"@type\":\"EntryPoint\",\"urlTemplate\":\"https:\\\/\\\/www.afi-ipl.org\\\/de\\\/?s={search_term_string}\"},\"query-input\":{\"@type\":\"PropertyValueSpecification\",\"valueRequired\":true,\"valueName\":\"search_term_string\"}}],\"inLanguage\":\"de\"},{\"@type\":\"Organization\",\"@id\":\"https:\\\/\\\/www.afi-ipl.org\\\/de\\\/#organization\",\"name\":\"AFI-IPL\",\"url\":\"https:\\\/\\\/www.afi-ipl.org\\\/de\\\/\",\"logo\":{\"@type\":\"ImageObject\",\"inLanguage\":\"de\",\"@id\":\"https:\\\/\\\/www.afi-ipl.org\\\/de\\\/#\\\/schema\\\/logo\\\/image\\\/\",\"url\":\"https:\\\/\\\/www.afi-ipl.org\\\/wp-content\\\/uploads\\\/Logo-mit-Zusatz.svg\",\"contentUrl\":\"https:\\\/\\\/www.afi-ipl.org\\\/wp-content\\\/uploads\\\/Logo-mit-Zusatz.svg\",\"width\":241,\"height\":58,\"caption\":\"AFI-IPL\"},\"image\":{\"@id\":\"https:\\\/\\\/www.afi-ipl.org\\\/de\\\/#\\\/schema\\\/logo\\\/image\\\/\"},\"sameAs\":[\"https:\\\/\\\/www.facebook.com\\\/afi.ipl\",\"https:\\\/\\\/x.com\\\/afi_ipl\",\"https:\\\/\\\/www.youtube.com\\\/@afiipl\",\"https:\\\/\\\/www.instagram.com\\\/afiipl\",\"https:\\\/\\\/www.instagram.com\\\/perinistefan\"]}]}<\/script>\n<!-- \/ Yoast SEO plugin. -->","yoast_head_json":{"title":"[Vortrag] Equal Pension Day 2015 - AFI-IPL","robots":{"index":"index","follow":"follow","max-snippet":"max-snippet:-1","max-image-preview":"max-image-preview:large","max-video-preview":"max-video-preview:-1"},"canonical":"https:\/\/www.afi-ipl.org\/de\/afi_ipl_eventi\/vortrag-equal-pension-day-2015\/","og_locale":"de_DE","og_type":"article","og_title":"[Vortrag] Equal Pension Day 2015 - AFI-IPL","og_description":"Anl\u00e4sslich des &#8222;Equal Pension Day&#8220; hat AFI-Vizedirektorin Silvia Vogliotti einen vielbeachteten Vortrag zu den Frauenrenten in S\u00fcdtirol gehalten (in italienischer Sprache). Hier geht es zur Pr\u00e4sentation (auf Italienisch). Frauen f\u00fcr gerechte Pensionen (Vogliotti 5. v. r.)","og_url":"https:\/\/www.afi-ipl.org\/de\/afi_ipl_eventi\/vortrag-equal-pension-day-2015\/","og_site_name":"AFI-IPL","article_publisher":"https:\/\/www.facebook.com\/afi.ipl","article_modified_time":"2024-09-25T07:53:42+00:00","og_image":[{"width":448,"height":268,"url":"https:\/\/www.afi-ipl.org\/wp-content\/uploads\/Vogliotti-Equal-Pension-Day-TN-2015.jpg","type":"image\/jpeg"}],"twitter_card":"summary_large_image","twitter_site":"@afi_ipl","twitter_misc":{"Gesch\u00e4tzte Lesezeit":"1\u00a0Minute"},"schema":{"@context":"https:\/\/schema.org","@graph":[{"@type":"WebPage","@id":"https:\/\/www.afi-ipl.org\/de\/afi_ipl_eventi\/vortrag-equal-pension-day-2015\/","url":"https:\/\/www.afi-ipl.org\/de\/afi_ipl_eventi\/vortrag-equal-pension-day-2015\/","name":"[Vortrag] Equal Pension Day 2015 - AFI-IPL","isPartOf":{"@id":"https:\/\/www.afi-ipl.org\/de\/#website"},"primaryImageOfPage":{"@id":"https:\/\/www.afi-ipl.org\/de\/afi_ipl_eventi\/vortrag-equal-pension-day-2015\/#primaryimage"},"image":{"@id":"https:\/\/www.afi-ipl.org\/de\/afi_ipl_eventi\/vortrag-equal-pension-day-2015\/#primaryimage"},"thumbnailUrl":"https:\/\/www.afi-ipl.org\/wp-content\/uploads\/Vogliotti-Equal-Pension-Day-TN-2015.jpg","datePublished":"2015-10-30T08:36:51+00:00","dateModified":"2024-09-25T07:53:42+00:00","breadcrumb":{"@id":"https:\/\/www.afi-ipl.org\/de\/afi_ipl_eventi\/vortrag-equal-pension-day-2015\/#breadcrumb"},"inLanguage":"de","potentialAction":[{"@type":"ReadAction","target":["https:\/\/www.afi-ipl.org\/de\/afi_ipl_eventi\/vortrag-equal-pension-day-2015\/"]}]},{"@type":"ImageObject","inLanguage":"de","@id":"https:\/\/www.afi-ipl.org\/de\/afi_ipl_eventi\/vortrag-equal-pension-day-2015\/#primaryimage","url":"https:\/\/www.afi-ipl.org\/wp-content\/uploads\/Vogliotti-Equal-Pension-Day-TN-2015.jpg","contentUrl":"https:\/\/www.afi-ipl.org\/wp-content\/uploads\/Vogliotti-Equal-Pension-Day-TN-2015.jpg","width":448,"height":268,"caption":"|"},{"@type":"BreadcrumbList","@id":"https:\/\/www.afi-ipl.org\/de\/afi_ipl_eventi\/vortrag-equal-pension-day-2015\/#breadcrumb","itemListElement":[{"@type":"ListItem","position":1,"name":"Home","item":"https:\/\/www.afi-ipl.org\/de\/"},{"@type":"ListItem","position":2,"name":"[Vortrag] Equal Pension Day 2015"}]},{"@type":"WebSite","@id":"https:\/\/www.afi-ipl.org\/de\/#website","url":"https:\/\/www.afi-ipl.org\/de\/","name":"AFI-IPL","description":"","publisher":{"@id":"https:\/\/www.afi-ipl.org\/de\/#organization"},"potentialAction":[{"@type":"SearchAction","target":{"@type":"EntryPoint","urlTemplate":"https:\/\/www.afi-ipl.org\/de\/?s={search_term_string}"},"query-input":{"@type":"PropertyValueSpecification","valueRequired":true,"valueName":"search_term_string"}}],"inLanguage":"de"},{"@type":"Organization","@id":"https:\/\/www.afi-ipl.org\/de\/#organization","name":"AFI-IPL","url":"https:\/\/www.afi-ipl.org\/de\/","logo":{"@type":"ImageObject","inLanguage":"de","@id":"https:\/\/www.afi-ipl.org\/de\/#\/schema\/logo\/image\/","url":"https:\/\/www.afi-ipl.org\/wp-content\/uploads\/Logo-mit-Zusatz.svg","contentUrl":"https:\/\/www.afi-ipl.org\/wp-content\/uploads\/Logo-mit-Zusatz.svg","width":241,"height":58,"caption":"AFI-IPL"},"image":{"@id":"https:\/\/www.afi-ipl.org\/de\/#\/schema\/logo\/image\/"},"sameAs":["https:\/\/www.facebook.com\/afi.ipl","https:\/\/x.com\/afi_ipl","https:\/\/www.youtube.com\/@afiipl","https:\/\/www.instagram.com\/afiipl","https:\/\/www.instagram.com\/perinistefan"]}]}},"_links":{"self":[{"href":"https:\/\/www.afi-ipl.org\/de\/wp-json\/wp\/v2\/afi_ipl_eventi\/33689","targetHints":{"allow":["GET"]}}],"collection":[{"href":"https:\/\/www.afi-ipl.org\/de\/wp-json\/wp\/v2\/afi_ipl_eventi"}],"about":[{"href":"https:\/\/www.afi-ipl.org\/de\/wp-json\/wp\/v2\/types\/afi_ipl_eventi"}],"version-history":[{"count":2,"href":"https:\/\/www.afi-ipl.org\/de\/wp-json\/wp\/v2\/afi_ipl_eventi\/33689\/revisions"}],"predecessor-version":[{"id":33851,"href":"https:\/\/www.afi-ipl.org\/de\/wp-json\/wp\/v2\/afi_ipl_eventi\/33689\/revisions\/33851"}],"wp:featuredmedia":[{"embeddable":true,"href":"https:\/\/www.afi-ipl.org\/de\/wp-json\/wp\/v2\/media\/8299"}],"wp:attachment":[{"href":"https:\/\/www.afi-ipl.org\/de\/wp-json\/wp\/v2\/media?parent=33689"}],"curies":[{"name":"wp","href":"https:\/\/api.w.org\/{rel}","templated":true}]}}

<p>Anlässlich des &#8222;Equal Pension Day&#8220; hat AFI-Vizedirektorin Silvia Vogliotti einen vielbeachteten Vortrag zu den Frauenrenten in Südtirol gehalten (in italienischer Sprache). <a href="https://afi-ipl.org/wp-content/uploads/Vogliotti_Equal-pension-day-2015.pdf" target="_blank" rel="noopener">Hier geht es zur Präsentation</a> (auf Italienisch).</p>
<p><a href="https://afi-ipl.org/wp-content/uploads/Vogliotti-Equal-Pension-Day-TN-2015.jpg"><img loading="lazy" decoding="async" class="alignnone size-medium wp-image-4310" src="https://afi-ipl.org/wp-content/uploads/Vogliotti-Equal-Pension-Day-TN-2015-300x179.jpg" alt="Vogliotti Equal Pension Day TN 2015" width="300" height="179" /></a></p>
<p>Frauen für gerechte Pensionen (Vogliotti 5. v. r.)</p>

<!-- This site is optimized with the Yoast SEO plugin v27.4 - https://yoast.com/product/yoast-seo-wordpress/ -->
<title>[Vortrag] Equal Pension Day 2015 - AFI-IPL</title>
<meta name="robots" content="index, follow, max-snippet:-1, max-image-preview:large, max-video-preview:-1" />
<link rel="canonical" href="https://www.afi-ipl.org/de/afi_ipl_eventi/vortrag-equal-pension-day-2015/" />
<meta property="og:locale" content="de_DE" />
<meta property="og:type" content="article" />
<meta property="og:title" content="[Vortrag] Equal Pension Day 2015 - AFI-IPL" />
<meta property="og:description" content="Anlässlich des &#8222;Equal Pension Day&#8220; hat AFI-Vizedirektorin Silvia Vogliotti einen vielbeachteten Vortrag zu den Frauenrenten in Südtirol gehalten (in italienischer Sprache). Hier geht es zur Präsentation (auf Italienisch). Frauen für gerechte Pensionen (Vogliotti 5. v. r.)" />
<meta property="og:url" content="https://www.afi-ipl.org/de/afi_ipl_eventi/vortrag-equal-pension-day-2015/" />
<meta property="og:site_name" content="AFI-IPL" />
<meta property="article:publisher" content="https://www.facebook.com/afi.ipl" />
<meta property="article:modified_time" content="2024-09-25T07:53:42+00:00" />
<meta property="og:image" content="https://www.afi-ipl.org/wp-content/uploads/Vogliotti-Equal-Pension-Day-TN-2015.jpg" />
	<meta property="og:image:width" content="448" />
	<meta property="og:image:height" content="268" />
	<meta property="og:image:type" content="image/jpeg" />
<meta name="twitter:card" content="summary_large_image" />
<meta name="twitter:site" content="@afi_ipl" />
<meta name="twitter:label1" content="Geschätzte Lesezeit" />
	<meta name="twitter:data1" content="1 Minute" />
<script type="application/ld+json" class="yoast-schema-graph">{"@context":"https:\/\/schema.org","@graph":[{"@type":"WebPage","@id":"https:\/\/www.afi-ipl.org\/de\/afi_ipl_eventi\/vortrag-equal-pension-day-2015\/","url":"https:\/\/www.afi-ipl.org\/de\/afi_ipl_eventi\/vortrag-equal-pension-day-2015\/","name":"[Vortrag] Equal Pension Day 2015 - AFI-IPL","isPartOf":{"@id":"https:\/\/www.afi-ipl.org\/de\/#website"},"primaryImageOfPage":{"@id":"https:\/\/www.afi-ipl.org\/de\/afi_ipl_eventi\/vortrag-equal-pension-day-2015\/#primaryimage"},"image":{"@id":"https:\/\/www.afi-ipl.org\/de\/afi_ipl_eventi\/vortrag-equal-pension-day-2015\/#primaryimage"},"thumbnailUrl":"https:\/\/www.afi-ipl.org\/wp-content\/uploads\/Vogliotti-Equal-Pension-Day-TN-2015.jpg","datePublished":"2015-10-30T08:36:51+00:00","dateModified":"2024-09-25T07:53:42+00:00","breadcrumb":{"@id":"https:\/\/www.afi-ipl.org\/de\/afi_ipl_eventi\/vortrag-equal-pension-day-2015\/#breadcrumb"},"inLanguage":"de","potentialAction":[{"@type":"ReadAction","target":["https:\/\/www.afi-ipl.org\/de\/afi_ipl_eventi\/vortrag-equal-pension-day-2015\/"]}]},{"@type":"ImageObject","inLanguage":"de","@id":"https:\/\/www.afi-ipl.org\/de\/afi_ipl_eventi\/vortrag-equal-pension-day-2015\/#primaryimage","url":"https:\/\/www.afi-ipl.org\/wp-content\/uploads\/Vogliotti-Equal-Pension-Day-TN-2015.jpg","contentUrl":"https:\/\/www.afi-ipl.org\/wp-content\/uploads\/Vogliotti-Equal-Pension-Day-TN-2015.jpg","width":448,"height":268,"caption":"|"},{"@type":"BreadcrumbList","@id":"https:\/\/www.afi-ipl.org\/de\/afi_ipl_eventi\/vortrag-equal-pension-day-2015\/#breadcrumb","itemListElement":[{"@type":"ListItem","position":1,"name":"Home","item":"https:\/\/www.afi-ipl.org\/de\/"},{"@type":"ListItem","position":2,"name":"[Vortrag] Equal Pension Day 2015"}]},{"@type":"WebSite","@id":"https:\/\/www.afi-ipl.org\/de\/#website","url":"https:\/\/www.afi-ipl.org\/de\/","name":"AFI-IPL","description":"","publisher":{"@id":"https:\/\/www.afi-ipl.org\/de\/#organization"},"potentialAction":[{"@type":"SearchAction","target":{"@type":"EntryPoint","urlTemplate":"https:\/\/www.afi-ipl.org\/de\/?s={search_term_string}"},"query-input":{"@type":"PropertyValueSpecification","valueRequired":true,"valueName":"search_term_string"}}],"inLanguage":"de"},{"@type":"Organization","@id":"https:\/\/www.afi-ipl.org\/de\/#organization","name":"AFI-IPL","url":"https:\/\/www.afi-ipl.org\/de\/","logo":{"@type":"ImageObject","inLanguage":"de","@id":"https:\/\/www.afi-ipl.org\/de\/#\/schema\/logo\/image\/","url":"https:\/\/www.afi-ipl.org\/wp-content\/uploads\/Logo-mit-Zusatz.svg","contentUrl":"https:\/\/www.afi-ipl.org\/wp-content\/uploads\/Logo-mit-Zusatz.svg","width":241,"height":58,"caption":"AFI-IPL"},"image":{"@id":"https:\/\/www.afi-ipl.org\/de\/#\/schema\/logo\/image\/"},"sameAs":["https:\/\/www.facebook.com\/afi.ipl","https:\/\/x.com\/afi_ipl","https:\/\/www.youtube.com\/@afiipl","https:\/\/www.instagram.com\/afiipl","https:\/\/www.instagram.com\/perinistefan"]}]}</script>
<!-- / Yoast SEO plugin. -->

Anlässlich des &#8222;Equal Pension Day&#8220; hat AFI-Vizedirektorin Silvia Vogliotti einen vielbeachteten Vortrag zu den Frauenrenten in Südtirol gehalten (in italienischer Sprache). Hier geht es zur Präsentation (auf Italienisch). Frauen für gerechte Pensionen (Vogliotti 5. v. r.)
